culate c(-6).
31
Let x(b) = -12*b + 907. Calculate x(65).
127
Let u(v) = 147*v + 2210. Give u(-15).
5
Let g(b) = 1410*b - 16927. What is g(12)?
-7
Let s(f) = -7*f + 113. What is s(36)?
-139
Let i(k) = 143*k + 822. Give i(-6).
-36
Let h(t) = -1948*t - 35023. What is h(-18)?
41
Let t(o) = 9619*o - 76953. Calculate t(8).
-1
Let u(f) = -2*f**3 - 15*f**2 + f + 55. Calculate u(-7).
-1
Let a(v) = 7*v**3 - 121*v**2 - 214*v - 271. Give a(19).
-5
Let t(w) = -1811*w + 23556. Calculate t(13).
13
Let r(i) = -15*i - 505. Give r(-10).
-355
Let x(z) = -12*z + 182. Give x(-6).
254
Let g(q) = -q**3 - 60*q**2 - 181*q - 3782. Calculate g(-58).
-12
Let n(b) = 46239*b - 508627. Determine n(11).
2
Let a(n) = -19*n**2 - 170*n - 147. Determine a(-8).
-3
Let w(l) = -11*l**2 - 133*l - 130. What is w(-11)?
2
Let x(j) = -37*j - 6033. Determine x(-162).
-39
Let w(g) = g**2 - 112*g + 2497. Calculate w(85).
202
Let x(c) = -c**3 - 58*c**2 - 55*c + 110. Determine x(-57).
-4
Let m(o) = 2*o**3 + 10*o**2 - 20*o - 39. Give m(-6).
9
Let s(y) = 24*y**2 + 2301*y - 284. Calculate s(-96).
4
Let v(r) = -11*r**2 - 99*r + 124. What is v(-10)?
14
Let p(q) = q**3 + 36*q**2 + 51*q + 8. Give p(-35).
-552
Let u(w) = -w**2 - 33*w + 589. Calculate u(-47).
-69
Let h(f) = 231*f - 2307. Calculate h(10).
3
Let q(n) = n**3 - 12*n**2 - 24*n - 43. Calculate q(14).
13
Let r(t) = 62*t - 615. Give r(8).
-119
Let j(d) = -d**3 + 73*d**2 - 463*d + 14. Determine j(7).
7
Let n(t) = 365*t + 3902. Give n(-11).
-113
Let y(c) = -8*c + 185. Calculate y(4).
153
Let d(s) = 151*s**2 + 3776*s + 15. Calculate d(-25).
-10
Let l(q) = 29*q**2 - 120*q + 23. Calculate l(4).
7
Let j(l) = -2*l**2 + 5*l - 12. What is j(5)?
-37
Let o(v) = v**2 + 2*v + 4. Give o(-11).
103
Let q(z) = -134*z + 970. Give q(8).
-102
Let s(w) = w + 180. What is s(25)?
205
Let s(y) = -y**2 + 22*y + 118. Determine s(18).
190
Let a(f) = 110*f + 726. Determine a(-12).
-594
Let q(p) = -5*p**2 - 41*p + 85. Give q(-11).
-69
Let s(h) = -538*h**2 - 11299*h - 25. Determine s(-21).
-4
Let p(h) = h**2 + 41*h + 393. Calculate p(-14).
15
Let l(d) = d**3 + 4*d**2 - 39*d - 206. Determine l(-7).
-80
Let v(u) = -3*u**3 + u**2 + u - 1. Give v(-1).
2
Let c(h) = 6*h - 280. Calculate c(-48).
-568
Let w(d) = -d**2 + 61*d - 537. Calculate w(51).
-27
Let v(t) = t**2 - 13*t - 8. Calculate v(-10).
222
Let u(g) = -9*g**3 - 4*g**2 + 6*g + 17. Give u(-2).
61
Let z(b) = 438*b + 3. Give z(0).
3
Let x(k) = -k**3 - 10*k**2 - 19*k - 253. What is x(-10)?
-63
Let x(l) = -20679*l - 124049. What is x(-6)?
25
Let a(o) = -o**3 - 36*o**2 + 30*o - 226. Determine a(-37).
33
Let l(i) = -i**3 - 55*i**2 + 62*i + 307. Calculate l(-56).
-29
Let v(p) = 156*p + 29779. Give v(-191).
-17
Let x(v) = -v**3 - 25*v**2 - 98*v + 5. Give x(-5).
-5
Let k(q) = -19*q - 875. What is k(-39)?
-134
Let x(q) = -4*q**2 - 79*q + 137. Determine x(-23).
-162
Let i(g) = 28*g**2 + 5354*g + 1139. What is i(-191)?
-7
Let r(v) = -v**3 + 25*v**2 - 15*v + 106. What is r(25)?
-269
Let v(w) = 2*w**2 - 97*w - 98. Give v(49).
-49
Let n(p) = 293*p**2 + 232*p + 2. Give n(-1).
63
Let c(b) = -4*b**2 - 46*b + 107. Determine c(2).
-1
Let k(j) = j**2 + 115*j + 839. Give k(-8).
-17
Let t(d) = -12*d**3 + 130*d**2 + 22*d - 2. Determine t(11).
-2
Let d(r) = -r**3 + 51*r**2 - 13*r + 615. Give d(51).
-48
Let h(t) = 23*t**2 - 713*t + 35. What is h(31)?
35
Let w(r) = r**3 - 48*r**2 + 559*r + 56. Give w(28).
28
Let f(i) = 44638*i - 178558. Determine f(4).
-6
Let x(j) = j**2 + j - 233. What is x(8)?
-161
Let z(f) = 2*f**3 + 12*f**2 - 21*f + 74. What is z(-8)?
-14
Let o(q) = -5*q**2 - 268*q - 2352. Determine o(-11).
-9
Let g(w) = -w**2 + 45*w - 150. What is g(43)?
-64
Let p(i) = 20*i - 163. Calculate p(10).
37
Let v(z) = -2*z**3 + 14*z - 135. Calculate v(0).
-135
Let g(f) = -f**3 + 8*f**2 + 11*f - 19. Determine g(9).
-1
Let s(y) = 4*y**3 - 30*y**2 + 22*y - 2. Give s(1).
-6
Let w(r) = -10*r - 468. What is w(-31)?
-158
Let z(h) = h**3 - 28*h**2 + 39*h - 320. Give z(27).
4
Let y(g) = -g**3 - 22*g**2 + 96*g + 1678. Give y(-23).
-1
Let a(v) = -287*v**2 - 3*v + 4. Calculate a(1).
-286
Let y(s) = 17*s**2 + 14*s - 19. Calculate y(1).
12
Let a(k) = 17*k**2 + 83*k - 2. Give a(-3).
-98
Let x(n) = -19*n - 148. Calculate x(-16).
156
Let f(g) = -2*g**2 - 14*g - 34. Calculate f(-9).
-70
Let w(c) = -73*c + 1413. Determine w(19).
26
Let j(d) = -d**3 + 12*d**2 - 2*d - 40. What is j(8)?
200
Let i(f) = 33*f**2 + 51*f - 26. Calculate i(-4).
298
Let a(u) = -u**3 - 112*u**2 + 962*u + 226. What is a(-120)?
-14
Let x(n) = -n**3 - 66*n**2 - 462*n - 9. Determine x(-8).
-25
Let z(g) = -2*g**3 + 11*g**2 - 28*g + 115. Calculate z(5).
0
Let x(t) = -2*t**3 - 44*t**2 - 52*t - 10. Give x(-21).
200
Let v(q) = -4*q + 89. Calculate v(-9).
125
Let p(c) = 25*c - 243. What is p(7)?
-68
Let v(z) = -7*z**2 - 53*z + 52. Give v(1).
-8
Let y(u) = u**3 - 14*u**2 + 14*u + 19. Calculate y(12).
-101
Let d(b) = 4*b + 197. Calculate d(-12).
149
Let q(t) = 2*t**3 + 4*t**2 + 15*t + 2. Determine q(-6).
-376
Let g(i) = i**3 - 169*i**2 - 694*i. Determine g(-4).
8
Let l(o) = -6*o**2 - 194*o - 780. Calculate l(-28).
-52
Let p(f) = 88*f + 1060. Determine p(-11).
92
Let b(q) = -q**2 - 33*q + 594. Calculate b(-53).
-466
Let a(q) = -4*q**2 - 115*q - 168. Give a(-27).
21
Let b(x) = 64*x**2 - 263*x + 37. Determine b(4).
9
Let m(f) = -262*f - 83314. Determine m(-318).
2
Let x(j) = 1247*j + 20017. Give x(-16).
65
Let y(h) = -34*h + 1. Give y(0).
1
Let h(y) = 6*y**3 - 34*y**2 - 349*y + 32. Give h(11).
65
Let l(s) = -2*s**2 + 110*s + 990. Determine l(63).
-18
Let u(b) = -4862*b + 111821. Give u(23).
-5
Let n(s) = 5*s**2 - 3*s - 20. Determine n(4).
48
Let x(b) = -90*b + 21. What is x(-2)?
201
Let k(i) = -i**2 + 3742*i + 3742. What is k(-1)?
-1
Let a(c) = -5*c**3 - 64*c**2 + 91*c + 95. Determine a(-14).
-3
Let i(y) = -y**2 - 75*y - 1133. Give i(-20).
-33
Let u(l) = -l**2 + 3*l + 2. What is u(5)?
-8
Let x(d) = 784*d + 4699. Calculate x(-6).
-5
Let x(t) = -29*t + 328. Calculate x(11).
9
Let q(l) = -22*l + 497. Give q(21).
35
Let k(x) = -11*x**2 + 30*x - 64. What is k(2)?
-48
Let t(h) = -32*h**2 - 227*h - 13. Calculate t(-7).
8
Let o(n) = n**3 - 56*n**2 + 535*n - 9. Give o(44).
299
Let j(z) = -20*z - 329. Give j(-20).
71
Let h(t) = 15*t - 101. Calculate h(22).
229
Let b(n) = 19*n**2 - 65*n - 39. Calculate b(6).
255
Let h(r) = -r**3 + 13*r + 25. Determine h(-7).
277
Let g(i) = 37*i**2 + 11*i - 15. What is g(2)?
155
Let k(a) = 45*a**2 + 1389*a - 198. Give k(-31).
-12
Let n(x) = -x**3 - 10*x**2 - 124*x - 233. Calculate n(-2).
-17
Let u(i) = -i**3 - 44*i**2 - 14*i - 608. Give u(-44).
8
Let v(t) = t**3 + 11*t**2 - 17*t + 96. Determine v(-11).
283
Let f(m) = 168*m + 1191. Calculate f(-7).
15
Let w(a) = 6*a**2 - 190*a - 16. What is w(28)?
-632
Let p(v) = 35*v**2 + 2103*v + 201. Give p(-60).
21
Let z(d) = -121*d + 1994. Determine z(17).
-63
Let g(x) = -2*x**2 + 83*x - 748. What is g(14)?
22
Let m(b) = b**3 - 19*b**2 + 47*b - 201. Give m(17).
20
Let r(k) = 34*k + 161. Calculate r(-12).
-247
Let w(t) = 2*t**2 - 107*t + 129. Give w(52).
-27
Let f(i) = -2*i**3 - 53*i**2 + 26*i - 59. Calculate f(-27).
-32
Let j(h) = h**2 + 3334*h - 3. Determine j(0).
-3
Let o(h) = 11*h**2 + 59*h - 44. Calculate o(-13).
1048
Let t(n) = n**2 + 5*n - 21. Calculate t(3).
3
Let r(p) = 9*p**3 - 5*p**2 + 8*p - 5. Give r(2).
63
Let b(m) = 2696*m + 10792. What is b(-4)?
8
Let t(c) = 2*c**2 - 18*c + 36. Calculate t(16).
260
Let r(f) = 2*f**3 + 57*f**2 + 67*f + 23. Calculate r(-27).
401
Let o(u) = u**2 - 6*u + 75. What is o(-11)?
262
Let y(z) = -56*z**3 + 1236*z**2 - 86*z - 46. What is y(22)?
-2
Let q(l) = 306*l + 880. What is q(-3)?
-38
Let a(q) = q**3 + 7*q**2 + 33*q + 9. Determine a(-3).
-54
Let a(q) = 6*q**3 - 8*q**2 - 36. Determine a(5).
514
Let x(n) = -n**2 - 101*n + 2706. Give x(-123).
0
Let y(w) = 83*w**2 + 4314*w - 74. Calculate y(-52).
30
Let t(l) = -12*l + 307. Give t(22).
43
Let g(y) = -2*y**3 - 131*y**2 - 44*y + 1322. Calculate g(-65).
-43
Let r(y) = y**2 + 69*y - 2593. Give r(27).
-1
Let i(k) = 6*k**2 - 72*k - 3. Determine i(11).
-69
Let s(y) = -1415*y - 113184. Calculate s(-80).
16
Let k(b) = -b**2 + 293. Calculate k(-17).
4
Let x(f) = -57*f + 859. Give x(15).
4
Let v(f) = -27*f + 3172. What is v(118)?
-14
Let a(z) = 268*z + 5375. What is a(-